Last updated on 2024-08-17 05:49:18 CEST.
Flavor | Version | Tinstall | Tcheck | Ttotal | Status | Flags |
---|---|---|---|---|---|---|
r-devel-linux-x86_64-debian-clang | 0.10.0 | 122.29 | 267.34 | 389.63 | OK | |
r-devel-linux-x86_64-debian-gcc | 0.10.0 | 86.13 | 239.57 | 325.70 | OK | |
r-devel-linux-x86_64-fedora-clang | 0.10.0 | 678.01 | OK | |||
r-devel-linux-x86_64-fedora-gcc | 0.10.0 | 748.74 | OK | |||
r-devel-windows-x86_64 | 0.10.0 | 121.00 | 353.00 | 474.00 | OK | |
r-patched-linux-x86_64 | 0.10.0 | 124.27 | 377.34 | 501.61 | OK | |
r-release-linux-x86_64 | 0.10.0 | 124.00 | 368.07 | 492.07 | OK | |
r-release-macos-arm64 | 0.10.0 | 174.00 | NOTE | |||
r-release-macos-x86_64 | 0.10.0 | 243.00 | NOTE | |||
r-release-windows-x86_64 | 0.10.0 | 133.00 | 355.00 | 488.00 | OK | |
r-oldrel-macos-arm64 | 0.10.0 | 188.00 | NOTE | |||
r-oldrel-macos-x86_64 | 0.10.0 | 347.00 | NOTE | |||
r-oldrel-windows-x86_64 | 0.10.0 | 167.00 | 419.00 | 586.00 | OK |
Version: 0.10.0
Check: installed package size
Result: NOTE
installed size is 16.1Mb
sub-directories of 1Mb or more:
libs 14.5Mb
Flavors: r-release-macos-arm64, r-release-macos-x86_64, r-oldrel-macos-arm64, r-oldrel-macos-x86_64