Last updated on 2025-02-04 05:50:15 CET.
Flavor | Version | Tinstall | Tcheck | Ttotal | Status | Flags |
---|---|---|---|---|---|---|
r-devel-linux-x86_64-debian-clang | 0.1.1 | 3.28 | 107.24 | 110.52 | OK | |
r-devel-linux-x86_64-debian-gcc | 0.1.1 | 2.52 | 67.35 | 69.87 | OK | |
r-devel-linux-x86_64-fedora-clang | 0.1.1 | 184.82 | OK | |||
r-devel-linux-x86_64-fedora-gcc | 0.1.1 | 193.59 | OK | |||
r-devel-windows-x86_64 | 0.1.1 | 4.00 | 134.00 | 138.00 | OK | |
r-patched-linux-x86_64 | 0.1.1 | 3.56 | 100.07 | 103.63 | NOTE | |
r-release-linux-x86_64 | 0.1.1 | 2.24 | 101.46 | 103.70 | NOTE | |
r-release-macos-arm64 | 0.1.1 | 57.00 | NOTE | |||
r-release-macos-x86_64 | 0.1.1 | 86.00 | NOTE | |||
r-release-windows-x86_64 | 0.1.1 | 4.00 | 130.00 | 134.00 | NOTE | |
r-oldrel-macos-arm64 | 0.1.1 | 49.00 | NOTE | |||
r-oldrel-macos-x86_64 | 0.1.1 | 90.00 | NOTE | |||
r-oldrel-windows-x86_64 | 0.1.1 | 6.00 | 152.00 | 158.00 | NOTE |
Version: 0.1.1
Check: LazyData
Result: NOTE
'LazyData' is specified without a 'data' directory
Flavors: r-patched-linux-x86_64, r-release-linux-x86_64, r-release-macos-arm64, r-release-macos-x86_64, r-release-windows-x86_64, r-oldrel-macos-arm64, r-oldrel-macos-x86_64, r-oldrel-windows-x86_64