Last updated on 2025-02-10 03:49:13 CET.
Flavor | Version | Tinstall | Tcheck | Ttotal | Status | Flags |
---|---|---|---|---|---|---|
r-devel-linux-x86_64-debian-clang | 0.1.1 | 7.91 | 73.37 | 81.28 | OK | |
r-devel-linux-x86_64-debian-gcc | 0.1.1 | 6.12 | 54.91 | 61.03 | OK | |
r-devel-linux-x86_64-fedora-clang | 0.1.1 | 132.56 | OK | |||
r-devel-linux-x86_64-fedora-gcc | 0.1.1 | 155.19 | OK | |||
r-devel-windows-x86_64 | 0.1.1 | 11.00 | 81.00 | 92.00 | OK | |
r-patched-linux-x86_64 | 0.1.1 | 7.49 | 67.53 | 75.02 | NOTE | |
r-release-linux-x86_64 | 0.1.1 | 6.72 | 68.47 | 75.19 | NOTE | |
r-release-macos-arm64 | 0.1.1 | 48.00 | NOTE | |||
r-release-macos-x86_64 | 0.1.1 | 76.00 | NOTE | |||
r-release-windows-x86_64 | 0.1.1 | 9.00 | 80.00 | 89.00 | NOTE | |
r-oldrel-macos-arm64 | 0.1.1 | 53.00 | NOTE | |||
r-oldrel-macos-x86_64 | 0.1.1 | 84.00 | NOTE | |||
r-oldrel-windows-x86_64 | 0.1.1 | 12.00 | 96.00 | 108.00 | NOTE |
Version: 0.1.1
Check: LazyData
Result: NOTE
'LazyData' is specified without a 'data' directory
Flavors: r-patched-linux-x86_64, r-release-linux-x86_64, r-release-macos-arm64, r-release-macos-x86_64, r-release-windows-x86_64, r-oldrel-macos-arm64, r-oldrel-macos-x86_64, r-oldrel-windows-x86_64