Last updated on 2025-02-10 03:49:13 CET.
Flavor | Version | Tinstall | Tcheck | Ttotal | Status | Flags |
---|---|---|---|---|---|---|
r-devel-linux-x86_64-debian-clang | 2.0.1 | 2.75 | 33.31 | 36.06 | NOTE | |
r-devel-linux-x86_64-debian-gcc | 2.0.1 | 2.14 | 25.34 | 27.48 | NOTE | |
r-devel-linux-x86_64-fedora-clang | 2.0.1 | 60.85 | NOTE | |||
r-devel-linux-x86_64-fedora-gcc | 2.0.1 | 69.26 | NOTE | |||
r-devel-windows-x86_64 | 2.0.1 | 5.00 | 53.00 | 58.00 | NOTE | |
r-patched-linux-x86_64 | 2.0.1 | 2.58 | 31.50 | 34.08 | NOTE | |
r-release-linux-x86_64 | 2.0.1 | 2.58 | 31.70 | 34.28 | NOTE | |
r-release-macos-arm64 | 2.0.1 | 37.00 | NOTE | |||
r-release-macos-x86_64 | 2.0.1 | 65.00 | NOTE | |||
r-release-windows-x86_64 | 2.0.1 | 4.00 | 53.00 | 57.00 | NOTE | |
r-oldrel-macos-arm64 | 2.0.1 | 26.00 | OK | |||
r-oldrel-macos-x86_64 | 2.0.1 | 40.00 | OK | |||
r-oldrel-windows-x86_64 | 2.0.1 | 4.00 | 58.00 | 62.00 | OK |
Version: 2.0.1
Check: Rd files
Result: NOTE
checkRd: (-1) BiDimRegression.Rd:29: Lost braces; missing escapes or markup?
29 | \item \code{euclidean.df1, affine.df1} - degrees of freedom of the nominator used for the F-statistics propagated by Nakaya (1997); df1 = p-2, with p is the number of elements needed to calculate the referring model: p=4 for the Euclidean and p=6 for the affine geometry {Nakaya, 1997, Table 1}.
| ^
Flavors: r-devel-linux-x86_64-debian-clang, r-devel-linux-x86_64-debian-gcc, r-devel-linux-x86_64-fedora-clang, r-devel-linux-x86_64-fedora-gcc, r-devel-windows-x86_64, r-patched-linux-x86_64, r-release-linux-x86_64, r-release-macos-arm64, r-release-macos-x86_64, r-release-windows-x86_64