CRAN Package Check Results for Package BallMapper

Last updated on 2025-02-04 05:50:14 CET.

Flavor Version Tinstall Tcheck Ttotal Status Flags
r-devel-linux-x86_64-debian-clang 0.2.0 6.16 27.51 33.67 OK
r-devel-linux-x86_64-debian-gcc 0.2.0 3.39 20.81 24.20 OK
r-devel-linux-x86_64-fedora-clang 0.2.0 57.16 NOTE
r-devel-linux-x86_64-fedora-gcc 0.2.0 50.84 NOTE
r-devel-windows-x86_64 0.2.0 7.00 50.00 57.00 OK
r-patched-linux-x86_64 0.2.0 5.47 26.02 31.49 NOTE
r-release-linux-x86_64 0.2.0 4.20 26.20 30.40 NOTE
r-release-macos-arm64 0.2.0 21.00 NOTE
r-release-macos-x86_64 0.2.0 35.00 NOTE
r-release-windows-x86_64 0.2.0 8.00 50.00 58.00 NOTE
r-oldrel-macos-arm64 0.2.0 22.00 NOTE
r-oldrel-macos-x86_64 0.2.0 29.00 NOTE
r-oldrel-windows-x86_64 0.2.0 9.00 53.00 62.00 NOTE

Check Details

Version: 0.2.0
Check: dependencies in R code
Result: NOTE Namespace in Imports field not imported from: ‘testthat’ All declared Imports should be used. Flavors: r-devel-linux-x86_64-fedora-clang, r-devel-linux-x86_64-fedora-gcc

Version: 0.2.0
Check: LazyData
Result: NOTE 'LazyData' is specified without a 'data' directory Flavors: r-patched-linux-x86_64, r-release-linux-x86_64, r-release-macos-arm64, r-release-macos-x86_64, r-release-windows-x86_64, r-oldrel-macos-arm64, r-oldrel-macos-x86_64, r-oldrel-windows-x86_64