Last updated on 2024-08-18 04:48:07 CEST.
Flavor | Version | Tinstall | Tcheck | Ttotal | Status | Flags |
---|---|---|---|---|---|---|
r-devel-linux-x86_64-debian-clang | 0.1.1 | 22.97 | 84.90 | 107.87 | OK | |
r-devel-linux-x86_64-debian-gcc | 0.1.1 | 13.14 | 61.34 | 74.48 | OK | |
r-devel-linux-x86_64-fedora-clang | 0.1.1 | 173.76 | NOTE | |||
r-devel-linux-x86_64-fedora-gcc | 0.1.1 | 174.01 | NOTE | |||
r-devel-windows-x86_64 | 0.1.1 | 21.00 | 102.00 | 123.00 | OK | |
r-patched-linux-x86_64 | 0.1.1 | 23.78 | 81.00 | 104.78 | OK | |
r-release-linux-x86_64 | 0.1.1 | 21.40 | 81.79 | 103.19 | OK | |
r-release-macos-arm64 | 0.1.1 | 60.00 | OK | |||
r-release-macos-x86_64 | 0.1.1 | 109.00 | OK | |||
r-release-windows-x86_64 | 0.1.1 | 23.00 | 97.00 | 120.00 | OK | |
r-oldrel-macos-arm64 | 0.1.1 | 57.00 | OK | |||
r-oldrel-macos-x86_64 | 0.1.1 | 114.00 | OK | |||
r-oldrel-windows-x86_64 | 0.1.1 | 31.00 | 119.00 | 150.00 | OK |
Version: 0.1.1
Check: data for non-ASCII characters
Result: NOTE
Note: found 516 marked UTF-8 strings
Flavors: r-devel-linux-x86_64-fedora-clang, r-devel-linux-x86_64-fedora-gcc