Last updated on 2025-02-04 05:50:14 CET.
Flavor | Version | Tinstall | Tcheck | Ttotal | Status | Flags |
---|---|---|---|---|---|---|
r-devel-linux-x86_64-debian-clang | 0.1.3 | 11.23 | 80.95 | 92.18 | OK | |
r-devel-linux-x86_64-debian-gcc | 0.1.3 | 7.49 | 54.56 | 62.05 | OK | |
r-devel-linux-x86_64-fedora-clang | 0.1.3 | 164.75 | OK | |||
r-devel-linux-x86_64-fedora-gcc | 0.1.3 | 156.65 | OK | |||
r-devel-windows-x86_64 | 0.1.3 | 12.00 | 92.00 | 104.00 | OK | |
r-patched-linux-x86_64 | 0.1.3 | 11.57 | 74.31 | 85.88 | NOTE | |
r-release-linux-x86_64 | 0.1.3 | 12.36 | 74.41 | 86.77 | NOTE | |
r-release-macos-arm64 | 0.1.3 | 43.00 | NOTE | |||
r-release-macos-x86_64 | 0.1.3 | 71.00 | NOTE | |||
r-release-windows-x86_64 | 0.1.3 | 14.00 | 84.00 | 98.00 | NOTE | |
r-oldrel-macos-arm64 | 0.1.3 | 45.00 | NOTE | |||
r-oldrel-macos-x86_64 | 0.1.3 | 79.00 | NOTE | |||
r-oldrel-windows-x86_64 | 0.1.3 | 15.00 | 101.00 | 116.00 | NOTE |
Version: 0.1.3
Check: LazyData
Result: NOTE
'LazyData' is specified without a 'data' directory
Flavors: r-patched-linux-x86_64, r-release-linux-x86_64, r-release-macos-arm64, r-release-macos-x86_64, r-release-windows-x86_64, r-oldrel-macos-arm64, r-oldrel-macos-x86_64, r-oldrel-windows-x86_64