Last updated on 2025-02-04 05:50:14 CET.
Flavor | Version | Tinstall | Tcheck | Ttotal | Status | Flags |
---|---|---|---|---|---|---|
r-devel-linux-x86_64-debian-clang | 1.13 | 6.31 | 45.70 | 52.01 | NOTE | |
r-devel-linux-x86_64-debian-gcc | 1.13 | 4.23 | 33.83 | 38.06 | NOTE | |
r-devel-linux-x86_64-fedora-clang | 1.13 | 86.07 | NOTE | |||
r-devel-linux-x86_64-fedora-gcc | 1.13 | 75.96 | NOTE | |||
r-devel-windows-x86_64 | 1.13 | 9.00 | 95.00 | 104.00 | NOTE | |
r-patched-linux-x86_64 | 1.13 | 6.96 | 41.73 | 48.69 | NOTE | |
r-release-linux-x86_64 | 1.13 | 5.42 | 42.36 | 47.78 | NOTE | |
r-release-macos-arm64 | 1.13 | 34.00 | NOTE | |||
r-release-macos-x86_64 | 1.13 | 50.00 | NOTE | |||
r-release-windows-x86_64 | 1.13 | 11.00 | 90.00 | 101.00 | NOTE | |
r-oldrel-macos-arm64 | 1.13 | 38.00 | OK | |||
r-oldrel-macos-x86_64 | 1.13 | 49.00 | OK | |||
r-oldrel-windows-x86_64 | 1.13 | 10.00 | 100.00 | 110.00 | OK |
Version: 1.13
Check: Rd files
Result: NOTE
checkRd: (-1) getOperatingSystem.Rd:26: Lost braces in \itemize; meant \describe ?
checkRd: (-1) getOperatingSystem.Rd:27: Lost braces in \itemize; meant \describe ?
checkRd: (-1) getOperatingSystem.Rd:28: Lost braces in \itemize; meant \describe ?
checkRd: (-1) getOperatingSystem.Rd:29: Lost braces in \itemize; meant \describe ?
checkRd: (-1) getOperatingSystem.Rd:30: Lost braces in \itemize; meant \describe ?
Flavors: r-devel-linux-x86_64-debian-clang, r-devel-linux-x86_64-debian-gcc, r-devel-linux-x86_64-fedora-clang, r-devel-linux-x86_64-fedora-gcc, r-devel-windows-x86_64, r-patched-linux-x86_64, r-release-linux-x86_64, r-release-macos-arm64, r-release-macos-x86_64, r-release-windows-x86_64