Last updated on 2024-08-17 05:49:16 CEST.
Flavor | Version | Tinstall | Tcheck | Ttotal | Status | Flags |
---|---|---|---|---|---|---|
r-devel-linux-x86_64-debian-clang | 1.3.2 | 40.63 | 314.53 | 355.16 | OK | |
r-devel-linux-x86_64-debian-gcc | 1.3.2 | 25.97 | 218.03 | 244.00 | OK | |
r-devel-linux-x86_64-fedora-clang | 1.3.2 | 574.47 | NOTE | |||
r-devel-linux-x86_64-fedora-gcc | 1.3.2 | 539.24 | NOTE | |||
r-devel-windows-x86_64 | 1.3.2 | 35.00 | 255.00 | 290.00 | OK | |
r-patched-linux-x86_64 | 1.3.2 | 38.70 | 285.21 | 323.91 | OK | |
r-release-linux-x86_64 | 1.3.2 | 40.51 | 291.37 | 331.88 | OK | |
r-release-macos-arm64 | 1.3.2 | 128.00 | OK | |||
r-release-macos-x86_64 | 1.3.2 | 341.00 | OK | |||
r-release-windows-x86_64 | 1.3.2 | 37.00 | 257.00 | 294.00 | OK | |
r-oldrel-macos-arm64 | 1.3.2 | 120.00 | OK | |||
r-oldrel-macos-x86_64 | 1.3.2 | 304.00 | OK | |||
r-oldrel-windows-x86_64 | 1.3.2 | 50.00 | 344.00 | 394.00 | OK |
Version: 1.3.2
Check: data for non-ASCII characters
Result: NOTE
Note: found 493 marked UTF-8 strings
Flavors: r-devel-linux-x86_64-fedora-clang, r-devel-linux-x86_64-fedora-gcc