Last updated on 2024-08-17 05:49:16 CEST.
Flavor | Version | Tinstall | Tcheck | Ttotal | Status | Flags |
---|---|---|---|---|---|---|
r-devel-linux-x86_64-debian-clang | 2.0.1 | 13.17 | 333.07 | 346.24 | NOTE | |
r-devel-linux-x86_64-debian-gcc | 2.0.1 | 8.61 | 196.71 | 205.32 | NOTE | |
r-devel-linux-x86_64-fedora-clang | 2.0.1 | 564.04 | NOTE | |||
r-devel-linux-x86_64-fedora-gcc | 2.0.1 | 580.33 | NOTE | |||
r-devel-windows-x86_64 | 2.0.1 | 14.00 | 317.00 | 331.00 | OK | |
r-patched-linux-x86_64 | 2.0.1 | 12.98 | 310.71 | 323.69 | NOTE | |
r-release-linux-x86_64 | 2.0.1 | 12.31 | 311.35 | 323.66 | NOTE | |
r-release-macos-arm64 | 2.0.1 | 137.00 | OK | |||
r-release-macos-x86_64 | 2.0.1 | 224.00 | OK | |||
r-release-windows-x86_64 | 2.0.1 | 15.00 | 316.00 | 331.00 | OK | |
r-oldrel-macos-arm64 | 2.0.1 | 149.00 | OK | |||
r-oldrel-macos-x86_64 | 2.0.1 | 256.00 | OK | |||
r-oldrel-windows-x86_64 | 2.0.1 | 17.00 | 414.00 | 431.00 | OK |
Version: 2.0.1
Check: for non-standard things in the check directory
Result: NOTE
Found the following files/directories:
‘table_AeRobiology’
Flavors: r-devel-linux-x86_64-debian-clang, r-devel-linux-x86_64-debian-gcc, r-devel-linux-x86_64-fedora-clang, r-devel-linux-x86_64-fedora-gcc, r-patched-linux-x86_64, r-release-linux-x86_64