Last updated on 2025-02-10 03:49:12 CET.
Flavor | Version | Tinstall | Tcheck | Ttotal | Status | Flags |
---|---|---|---|---|---|---|
r-devel-linux-x86_64-debian-clang | 1.0.0 | 1.88 | 22.30 | 24.18 | OK | |
r-devel-linux-x86_64-debian-gcc | 1.0.0 | 1.33 | 18.34 | 19.67 | OK | |
r-devel-linux-x86_64-fedora-clang | 1.0.0 | 40.91 | OK | |||
r-devel-linux-x86_64-fedora-gcc | 1.0.0 | 53.42 | OK | |||
r-devel-windows-x86_64 | 1.0.0 | 3.00 | 51.00 | 54.00 | OK | |
r-patched-linux-x86_64 | 1.0.0 | 1.65 | 21.25 | 22.90 | NOTE | |
r-release-linux-x86_64 | 1.0.0 | 1.66 | 21.22 | 22.88 | NOTE | |
r-release-macos-arm64 | 1.0.0 | 29.00 | NOTE | |||
r-release-macos-x86_64 | 1.0.0 | 35.00 | NOTE | |||
r-release-windows-x86_64 | 1.0.0 | 3.00 | 50.00 | 53.00 | NOTE | |
r-oldrel-macos-arm64 | 1.0.0 | 24.00 | NOTE | |||
r-oldrel-macos-x86_64 | 1.0.0 | 33.00 | NOTE | |||
r-oldrel-windows-x86_64 | 1.0.0 | 3.00 | 49.00 | 52.00 | NOTE |
Version: 1.0.0
Check: LazyData
Result: NOTE
'LazyData' is specified without a 'data' directory
Flavors: r-patched-linux-x86_64, r-release-linux-x86_64, r-release-macos-arm64, r-release-macos-x86_64, r-release-windows-x86_64, r-oldrel-macos-arm64, r-oldrel-macos-x86_64, r-oldrel-windows-x86_64