Last updated on 2024-08-18 04:48:06 CEST.
Flavor | Version | Tinstall | Tcheck | Ttotal | Status | Flags |
---|---|---|---|---|---|---|
r-devel-linux-x86_64-debian-clang | 2.3-3 | 73.15 | 334.81 | 407.96 | NOTE | |
r-devel-linux-x86_64-debian-gcc | 2.3-3 | 43.40 | 204.82 | 248.22 | NOTE | |
r-devel-linux-x86_64-fedora-clang | 2.3-3 | 670.81 | NOTE | |||
r-devel-linux-x86_64-fedora-gcc | 2.3-3 | 633.50 | OK | |||
r-devel-windows-x86_64 | 2.3-3 | 64.00 | 325.00 | 389.00 | NOTE | |
r-patched-linux-x86_64 | 2.3-3 | 70.89 | 315.43 | 386.32 | OK | |
r-release-linux-x86_64 | 2.3-3 | 63.27 | 311.29 | 374.56 | OK | |
r-release-macos-arm64 | 2.3-3 | 142.00 | OK | |||
r-release-macos-x86_64 | 2.3-3 | 241.00 | OK | |||
r-release-windows-x86_64 | 2.3-3 | 68.00 | 324.00 | 392.00 | OK | |
r-oldrel-macos-arm64 | 2.3-3 | 150.00 | OK | |||
r-oldrel-macos-x86_64 | 2.3-3 | 383.00 | OK | |||
r-oldrel-windows-x86_64 | 2.3-3 | 89.00 | 410.00 | 499.00 | OK |
Version: 2.3-3
Check: Rd cross-references
Result: NOTE
Found the following Rd file(s) with Rd \link{} targets missing package
anchors:
AICcmodavg-package.Rd: xtable
Please provide package anchors for all Rd \link{} targets not in the
package itself and the base packages.
Flavors: r-devel-linux-x86_64-debian-clang, r-devel-linux-x86_64-debian-gcc, r-devel-windows-x86_64
Version: 2.3-3
Check: Rd cross-references
Result: NOTE
Undeclared packages ‘multcomp’, ‘gmodels’ in Rd xrefs
Flavor: r-devel-linux-x86_64-fedora-clang