Last updated on 2025-02-04 05:50:14 CET.
Flavor | Version | Tinstall | Tcheck | Ttotal | Status | Flags |
---|---|---|---|---|---|---|
r-devel-linux-x86_64-debian-clang | 0.1.0 | 5.56 | 46.28 | 51.84 | OK | |
r-devel-linux-x86_64-debian-gcc | 0.1.0 | 4.58 | 34.01 | 38.59 | OK | |
r-devel-linux-x86_64-fedora-clang | 0.1.0 | 84.04 | OK | |||
r-devel-linux-x86_64-fedora-gcc | 0.1.0 | 79.71 | OK | |||
r-devel-windows-x86_64 | 0.1.0 | 9.00 | 68.00 | 77.00 | OK | |
r-patched-linux-x86_64 | 0.1.0 | 4.98 | 43.94 | 48.92 | NOTE | |
r-release-linux-x86_64 | 0.1.0 | 4.38 | 43.16 | 47.54 | NOTE | |
r-release-macos-arm64 | 0.1.0 | 28.00 | NOTE | |||
r-release-macos-x86_64 | 0.1.0 | 41.00 | NOTE | |||
r-release-windows-x86_64 | 0.1.0 | 7.00 | 62.00 | 69.00 | NOTE | |
r-oldrel-macos-arm64 | 0.1.0 | 31.00 | NOTE | |||
r-oldrel-macos-x86_64 | 0.1.0 | 43.00 | NOTE | |||
r-oldrel-windows-x86_64 | 0.1.0 | 9.00 | 72.00 | 81.00 | NOTE |
Version: 0.1.0
Check: LazyData
Result: NOTE
'LazyData' is specified without a 'data' directory
Flavors: r-patched-linux-x86_64, r-release-linux-x86_64, r-release-macos-arm64, r-release-macos-x86_64, r-release-windows-x86_64, r-oldrel-macos-arm64, r-oldrel-macos-x86_64, r-oldrel-windows-x86_64